 Calculate the highest common divisor of 13 and j.
13
Suppose 0 = -a + 3*x + 2, 5*a + 0*a + 4*x - 67 = 0. Calculate the greatest common divisor of 88 and a.
11
Let q be 6/8*(6 + -2). Suppose 27 = -q*d + 81. What is the greatest common divisor of 9 and d?
9
Suppose 60 = 2*l + f, -2*f = l - 0*l - 36. Let m be 201/3 - (0 + -3). Suppose 0*d - 5*d = -m. What is the greatest common divisor of d and l?
14
Let x be (-1)/(-4 + (-156)/(-40)). What is the greatest common factor of 80 and x?
10
Suppose 2*x = -2*j + 3*x - 145, -x - 287 = 4*j. Let y be 1/(j/(-69) - 1). Suppose y = u - w, -u + 3*u + 4*w = 52. What is the greatest common factor of 8 and u?
8
Let t = -196 + 296. Calculate the highest common divisor of t and 40.
20
Let j = 125 - -1. What is the greatest common factor of j and 42?
42
Let s = -2 + 0. Let h be 16/s*-1 - -2. Suppose -2*r + h = -2. Calculate the greatest common factor of 2 and r.
2
Suppose 0*v - 252 = -3*v. Suppose -4*j + i + v = 0, -2*j + 12 = -j + 2*i. Calculate the greatest common factor of 8 and j.
4
Suppose -2*m = 3*m - 25. Let i be (-162)/(-8) - (-3)/(-12). Calculate the highest common factor of i and m.
5
Let m be 70/(-8) - (-15)/20. Let t(c) = c**3 - 7*c**2 + 5*c - 9. Let o be t(7). Let d = m + o. Calculate the highest common divisor of d and 18.
18
Suppose 0 = -r + 4, 68 = 5*k - 0*r + 2*r. Calculate the greatest common divisor of 36 and k.
12
Let u be -3 + 4 - -8*1. Suppose t - u = -7. Calculate the highest common factor of 16 and t.
2
Suppose 2*t - c - 51 = -4*c, 0 = 2*t - 4*c - 44. Let n be (t/(-15))/((-1)/25). Calculate the greatest common factor of n and 8.
8
Suppose -4*f = 3*o + 46, 3*o + 18 = 6*f - 3*f. Let d be (o/15)/((-4)/18). What is the greatest common factor of d and 2?
1
Suppose -2*y - 3*n = -132, 3*n - 8 = 4. Calculate the greatest common factor of 12 and y.
12
Let f(u) = 17*u + 21. Let x be f(11). Calculate the highest common factor of x and 13.
13
Let d be -30*((-72)/20 - -1 - -2). Calculate the greatest common factor of d and 18.
18
Let w(i) = i**3 - 10*i**2 + 12*i + 11. Let u be w(9). What is the greatest common factor of u and 19?
19
Let c(o) = -4*o. Suppose 3*s - 15 = -3. Let t be (s - -3)*6/(-7). Let h be c(t). Calculate the highest common divisor of h and 36.
12
Let v(r) = -5*r**3 - 2*r**2 - r. Let u be (-3)/2*(-4)/(-6). Let g be v(u). Calculate the greatest common divisor of g and 32.
4
Let m(n) = n**2 - 7*n - 17. Let q be m(9). Calculate the highest common divisor of q and 1.
1
Let y = 30 + -24. Let n be 44 + y*(-4)/(-12). Calculate the greatest common divisor of 23 and n.
23
Let f(u) = -6*u - 1 - 9*u**3 - u - 6*u**3 + 5*u. Let x be f(-1). What is the greatest common divisor of x and 48?
16
Suppose a - 72 = -4*d, 306 = 5*a - 3*d + 5*d. Suppose 20 = 2*z - a. Calculate the greatest common factor of 8 and z.
8
Let t(d) = d**3 + 8*d**2 - 9*d + 10. Let s be t(-9). What is the highest common divisor of s and 5?
5
Suppose -39 = -5*d + 3*f, -f = -0*d - 5*d + 33. Calculate the greatest common divisor of d and 4.
2
Suppose -3*q - 3*g + 24 = 0, -2*q + 2*g + 32 = -0*q. Calculate the highest common factor of 84 and q.
12
Suppose -3*y = 3*s - 15, 4*s - 2*y = -9 + 47. What is the highest common factor of 72 and s?
8
Suppose 0*o - 4 = -o - 5*w, 2*w + 2 = 0. Calculate the highest common divisor of 36 and o.
9
Let p = 11 - -1. Let t(c) = c**2 + 8*c + 2. Let m be t(-8). Suppose -m*a = 3*a - 420. What is the highest common factor of a and p?
12
Suppose -12*m = -4*m - 224. Let o = -223 - -363. Calculate the highest common factor of o and m.
28
Let t be -2 - ((-14 - 1) + -1). Calculate the greatest common divisor of 126 and t.
14
Let m(v) = -33*v - 15. Let o be m(-2). What is the highest common divisor of 34 and o?
17
Suppose 3*d - 3*n = 42, -19 - 63 = -5*d + 2*n. What is the highest common factor of d and 2?
2
Suppose 20*j = 14*j + 12. Let o = -10 + 28. Calculate the greatest common factor of j and o.
2
Suppose -6*s = -s - 225. Let x be (-1182)/(-33) + 10/55. Let c = -21 + x. What is the highest common divisor of c and s?
15
Suppose t - 3*l - 109 = -3*t, -5*l = -2*t + 65. What is the greatest common divisor of 5 and t?
5
Suppose -46 = -4*q - q - 4*k, 2*q + 3*k = 17. Let d be (4/(-5))/(1/(-5)). Calculate the greatest common factor of d and q.
2
Let b be 1*17/(2 - 6/4). Calculate the greatest common factor of b and 136.
34
Let m be (-40)/(-6) - 64/(-48). Calculate the greatest common factor of m and 24.
8
Let a be (-21)/(48/(-15) + 3). Calculate the greatest common divisor of a and 21.
21
Suppose -j - 1 = -4. Suppose j*z = 9 - 3. What is the greatest common factor of 6 and z?
2
Let d be ((-200)/(-15))/(2/9). What is the greatest common factor of d and 240?
60
Let g(y) = -y**3 - 3*y**2 - 2*y + 2. Let d be g(-2). Let l(p) = 2*p + 6. Let a be l(6). What is the highest common divisor of d and a?
2
Suppose 56 - 292 = 4*b. Let v = -41 - b. Calculate the highest common factor of v and 12.
6
Let t be (-12 - -18)*14/4. What is the highest common divisor of 84 and t?
21
Let n be (-93)/(-2)*(-2)/(-3). Let c(l) = 2*l**2 + 4*l + 1. Let j be c(-5). What is the highest common factor of n and j?
31
Let r = -45 + 67. Let o be (-1 + 1)/(2/2). Let q(k) = -k + 55. Let s be q(o). What is the greatest common factor of s and r?
11
Let u = -78 - -84. Suppose 4*s - 3*s = 30. Calculate the highest common divisor of u and s.
6
Suppose -4*a = 3*z - 19 - 26, -a = 3*z. Let h(u) = 8*u + 7. Let s be h(16). Calculate the greatest common divisor of s and a.
15
Let g = 2 + 1. Suppose -2*w - 2*f + 32 = 2*f, f = 3*w - 20. Suppose y = -4*i + 74, w = i + g*i. Calculate the highest common factor of 6 and y.
6
Let x = 4 + 5. Let y(f) = -f**3 + 24*f**2 - 21*f - 36. Let t be y(23). Let d = t + x. Calculate the greatest common divisor of 171 and d.
19
Let r be 26 - 4/(-3)*(-3)/2. Calculate the greatest common divisor of 3 and r.
3
Suppose -3*s + 41 = -10. Suppose 2*k = -3*z - 0 - 13, 0 = -5*z - k - 17. Let c = s + z. What is the highest common factor of 70 and c?
14
Let m be (-4)/6 + 46/6. Let u = 8 + -2. Let q be (-7)/(-5) + u/(-15). What is the highest common factor of q and m?
1
Let d(q) = -q + 28. Let c be d(0). Suppose 2*f = p - 10, -p - 3*f + 8 = -7. Let j = c - p. Calculate the greatest common divisor of 176 and j.
16
Let b(l) = -4*l - 7. Let k(y) = -6*y. Let m be k(1). Let n be b(m). Let z = 7 + n. Calculate the highest common factor of z and 8.
8
Let h(f) = f**3 - 9*f**2 - 10*f + 13. Let x be 7 - (5 + -2)/(-1). Let k be h(x). Calculate the highest common factor of 91 and k.
13
Suppose l = -l. Suppose l = -4*x + x. Let f be x + (-120)/(4/(-2)). What is the greatest common factor of f and 15?
15
Let l = -18 + 27. What is the greatest common factor of 45 and l?
9
Let w = 8 + 0. Suppose -m + 34 + w = 0. Let h = m + -28. Calculate the greatest common factor of 70 and h.
14
Let s be (-3)/(1 - (-14)/(-8)). Suppose -s*l - 6 = 2. Let d be (-11)/l*(1 + 5). Calculate the highest common divisor of d and 11.
11
Let b = 10 + 118. What is the highest common divisor of 16 and b?
16
Let p(r) = 2*r - 4*r - 4*r. Let j be p(-8). What is the highest common factor of j and 72?
24
Let l be (-489)/15 + (-6)/15. Let j = 110 + l. Calculate the highest common factor of j and 11.
11
Let u be (27/2)/(4/(-8)). Let g = 43 + u. What is the greatest common factor of g and 8?
8
Suppose -3*l - 2*l = 4*g - 25, -5*l + 25 = -4*g. Suppose s = l + 3. Suppose -5*x + s = -4*x. Calculate the highest common factor of 72 and x.
8
Let k = -323 + 624. What is the highest common factor of 43 and k?
43
Let z be -1 + -2*9/(-6). Let a = 37 - z. Calculate the highest common divisor of 14 and a.
7
Suppose 4*z - 3 + 7 = 0. Let u be z/2 - (-115)/10. Calculate the greatest common divisor of u and 55.
11
Suppose 0 = -140*c + 144*c - 40. Calculate the highest common factor of 40 and c.
10
Suppose -5*s = -12 - 28. Calculate the highest common factor of s and 1.
1
Let m = -7 - -4. Let g = 16 - m. What is the greatest common factor of 95 and g?
19
Suppose -4*f + 3*z = -9, 0*z = -f - z + 11. Let g be f/15 + 22/(-5). Let n be -1 - (g + -2) - -2. Calculate the highest common divisor of 35 and n.
7
Let u(q) = q**2 - 3*q + 17. Let c be u(13). Calculate the greatest common factor of 49 and c.
49
Suppose -q + 2*q = -b 